4
Let j(i) = i + 9. Let b be j(-12). Let s(a) = -5*a**3 - 3*a**2 - 5*a - 5. What is the tens digit of s(b)?
1
Let z(u) = -u**2 + 7*u - 11. Let g be 8/(-3)*18/(-8). Let b be z(g). What is the tens digit of b/10 + (-101)/(-2)?
5
What is the units digit of (-4)/(-12) + 616/6?
3
Let u(j) = -4*j**2 - 9*j + 73. Let s(w) = -w**2 - 2*w + 18. Let z(r) = -9*s(r) + 2*u(r). What is the units digit of z(-8)?
8
What is the units digit of 4335/6 + (210/28)/(-15)?
2
Let a(j) be the third derivative of -1/6*j**3 + 0 + 7/8*j**4 + 0*j - 5*j**2. What is the units digit of a(1)?
0
Suppose 4*v - 8*v + d = -16456, -4*v = 3*d - 16472. What is the tens digit of v?
1
Let f be (-2)/(-3)*20*3. Suppose -6*p - 294 = -990. Suppose -d - b + f = -0*d, 4*b = -3*d + p. What is the tens digit of d?
4
Suppose 0*p = -2*p + 4*z - 14, 5*z - 31 = -2*p. Suppose -v = p*v. Suppose -2*i + 7 + 1 = v. What is the units digit of i?
4
Let u be (15/(-9))/(3/9). What is the units digit of (-3)/(-2) - (-63)/(-6)*u?
4
Let x(t) = -3*t**2 - 10*t + 3. Let k be x(-6). What is the tens digit of (0 + 2)*-1 - k?
4
Let q(j) = 27*j + 37. Let v(b) = 79*b + 111. Let o(t) = 17*q(t) - 6*v(t). What is the units digit of o(-3)?
8
Let z = 1492 - 446. What is the hundreds digit of z?
0
Let m(q) = -q - 2*q + q**2 - 6 - q - 3*q. Let v be m(11). Suppose 98 = 3*k + v. What is the tens digit of k?
2
Let o = 94 + -37. Let h(x) = -x**2 - 4*x + 12. Let k be h(-6). Suppose -3*v + 6*v - o = k. What is the units digit of v?
9
Suppose -61*s + 177995 = 36*s. What is the thousands digit of s?
1
Let y(w) = -3*w - 18. Let z be y(-6). Let c(v) = -v**2 + 5*v + 8. Let x be c(6). Let q = z + x. What is the units digit of q?
2
What is the tens digit of 1501/11 + (-30)/(-55)?
3
What is the thousands digit of (-415371)/(-164) + (-5)/(-4)?
2
Suppose 10*d - 3*d - 7 = 0. Let h be 4/6 + (-40)/(-3). What is the units digit of -3*d + h + 3?
4
Let g = -3 + 8. Suppose -g*i = 64 + 206. What is the tens digit of (-2)/4 + i/(-4)?
1
Let g = -32 - -257. What is the tens digit of g?
2
Let r(d) = -29*d**3 - 2*d**2 - 17*d - 161. What is the units digit of r(-6)?
3
Let t be (-1)/((-2)/(-8)) - -4. Suppose 6*v - 368 = 2*v + 2*g, t = v - 4*g - 92. What is the units digit of v?
2
Let d = 11 - 11. Suppose -3*i + 9 + 9 = d. Let b(q) = 5*q - 9. What is the tens digit of b(i)?
2
What is the tens digit of ((-717)/6 - 0)*(-9 - -1)?
5
Let s(p) = -3*p**2 - 121*p + 22. What is the hundreds digit of s(-34)?
6
What is the tens digit of 6/(-8 - -2) - (-4228)/4?
5
Let p(c) = -3*c - 1. Let w(h) = 4*h. Let b(f) = p(f) - 2*w(f). Let m(l) = -l**2 - 3*l + 1. Let g be m(-4). What is the tens digit of b(g)?
3
Let v = 9 + 0. Let k(c) be the first derivative of c**4/4 - 8*c**3/3 - 2*c**2 - 10*c + 339. What is the units digit of k(v)?
5
Let v(w) = 7*w**3 - 6*w**2 + 3. What is the tens digit of v(3)?
3
Let g = -4 + 18. Suppose 0 = 4*l - 6 - g. Suppose -l*d + 2*d + 96 = 0. What is the units digit of d?
2
Suppose 21*p = 13*p + 4688. What is the hundreds digit of p?
5
Let j(h) = 98*h**2 + 3*h + 13. What is the units digit of j(-4)?
9
Let v = 31 - 30. Let i be (-1 + 1)*(-1)/(-2). Suppose i = l - 4 - v. What is the units digit of l?
5
What is the units digit of -3 - 40*1*15/(-10)?
7
Suppose -c + 0*c = 2*g - 1052, g = -4*c + 512. What is the units digit of g?
8
Let y = -28 + 46. What is the units digit of 8/(2 - 33/y)?
8
Suppose -12*z = -4068 + 228. What is the units digit of z?
0
Let n(g) = -14 + 22 + 82 + 3*g. What is the tens digit of n(0)?
9
Let n(k) = k**3 + 8*k**2 - 8*k + 2. Let g(h) = -2*h**2 + 24*h + 18. Let v be g(13). What is the tens digit of n(v)?
6
Let c(a) = a**3 + 15*a**2 - 5*a - 14. Let v be c(-15). Let z = v + -12. What is the units digit of z?
9
Suppose 0 = 4*r - 4, -z + 3*r = r - 2523. What is the thousands digit of z?
2
Suppose 3*s = 5*v + 485 + 4138, 0 = s + 3*v - 1541. What is the units digit of s?
1
What is the thousands digit of (7 - 6*-107 - -4)*5?
3
Let c be (-8 - -7) + 6/1. Suppose -4*r - 6 = -3*w - r, c*w - 4*r - 9 = 0. What is the tens digit of (68/(-16))/(w/(-4))?
1
Let x(b) = b**3 + 7*b**2 + 8*b + 7. What is the units digit of x(-4)?
3
Let f(c) = 48*c**2 - 5*c - 5. Let b(r) = -97*r**2 + 9*r + 9. Let i(l) = -6*b(l) - 11*f(l). What is the units digit of i(-1)?
4
Suppose 437 = 4*w + 157. Let l = w - 39. What is the units digit of l?
1
Let f(k) = k**2 + 3. Suppose -3*m - 90 = -0*m. Let q = -22 - m. What is the units digit of f(q)?
7
Let n be 3*(28/(-6) + 2). Let s be (-23 + -1)/(4/n). Suppose u + u = 0, -2*z + 4*u = -s. What is the tens digit of z?
2
Let l = -53 + 59. Suppose -l*v = -5*v - 108. What is the units digit of v?
8
Suppose 0 = -q + 6 - 14. Let y = 0 - 15. What is the units digit of (-336)/y - q/(-20)?
2
Suppose -2*n - m = -8, 2*n - 2*m = 2*m + 18. Suppose 2*h = 1 + n. Suppose -q + 17 = -2*w, -q + 14 = 3*w - h. What is the tens digit of q?
1
Suppose 14*b - 7549 = -1249. What is the units digit of b?
0
Suppose 9 + 3 = 4*y. Suppose 5*t + 5*c + 0 = -5, t - y*c - 11 = 0. Suppose -f = t*f - 114. What is the tens digit of f?
3
Suppose -2*u + 2*x = 40, -u - u - 4*x - 16 = 0. Suppose 0 = -4*n + 2*z + 2*z + 4, 3*n = -z + 7. What is the units digit of u/(-24)*18/n?
6
Let c = -9 - -12. Suppose -101 = -n + 2*i, 5*i = -c*n - n + 430. Suppose -9*l + n = -4*l. What is the units digit of l?
1
Let h = 10 + -3. Let o = 11 - h. Suppose -w - o*w = -100. What is the tens digit of w?
2
Suppose 45 = 4*f - 7. Let x(l) = -l - 4. Let k be x(6). Let o = k + f. What is the units digit of o?
3
Let w(f) = -72*f - 35. What is the tens digit of w(-12)?
2
Let f be 1 - (-2 + -1 + -3). Let h = -6 + f. What is the units digit of 236/8 - h/2?
9
Let t(f) = f**2 - 10*f + 3. Let q be t(10). Suppose -a + 123 = n + n, q*n - 157 = 4*a. What is the units digit of n?
9
Let z = 4260 - 1545. What is the hundreds digit of z?
7
Suppose -3*x - y - 3*y = -185, 0 = -4*x + y + 272. Suppose l = 5*c - 0*l + 159, 2*l = 5*c + 163. Let z = c + x. What is the tens digit of z?
3
Let c = -948 + 1689. What is the hundreds digit of c?
7
Let a(d) = d - 13. Let u be a(17). Let n be 4/(3*(-4)/(-474)). Suppose -135 = -3*s - 5*r, u*s - n = 3*r + 22. What is the tens digit of s?
4
Let z = 0 - -31. Suppose 4*w + z = -3*q, q + 14 = w - 1. What is the tens digit of ((-26)/(-3))/(q/(-39))?
2
Suppose -431 = -3*h + 472. Let w = h + -168. What is the hundreds digit of w?
1
Suppose 12 = 7*f - 23. Suppose 4*l - 3*a = 347, -141 - 293 = -f*l + 4*a. What is the units digit of l?
6
Let n = 305 + 85. Suppose -2*c + 520 = -2*b + 6*b, -2*c = -3*b + n. What is the hundreds digit of b?
1
Suppose 0 = p - 5*p - 24. Let k be 7 + p + (0 - 0). Suppose k = -t + 3*h + 4, -47 = -5*t - h. What is the units digit of t?
9
Let u = 55 - -1122. What is the thousands digit of u?
1
Let g(a) be the first derivative of a**4/4 + 7*a**3/3 - 11*a**2/2 - 8*a - 3. Let f = -4 + -4. What is the units digit of g(f)?
6
Let f(g) be the second derivative of g**4/6 + g**3/2 - 2*g**2 + g - 34. Let k(x) = -x**2 + x + 1. Let a be k(3). What is the tens digit of f(a)?
3
Suppose -4*h + 4*y = -3059 - 2037, h - 1289 = 4*y. What is the units digit of h?
9
Suppose 9*m = 12*m + 3. What is the units digit of -242*m*4/8?
1
Let d(s) = -s**3 - 3*s**2 - 3*s - 5. Let b be d(-3). Let a = b - -12. What is the tens digit of a?
1
Let i be (15/3)/(2 - 1). Suppose 0 = -2*y + i*d + 149, -y + 70 = -2*d - 2. What is the tens digit of y?
6
Let w = 27 + -24. Suppose 2*t - 262 = -4*l, 0 = l - 3*t - w - 73. What is the units digit of l?
7
Suppose -6*y = -5033 - 4903. What is the tens digit of y?
5
Suppose -p - 3*m + 27 = -5*p, 19 = 2*p + 5*m. Let x(a) = a**3 + 2*a**2 - 4*a. Let f be x(p). Suppose f*k - k = 22. What is the units digit of k?
1
Suppose 3*j + 3*n - 64 + 25 = 0, j - 5*n - 13 = 0. Suppose -308 = j*p - 17*p. What is the units digit of p?
7
Let n be (((-18)/21)/(5/(-35)))/2. Let k = -11 - -7. Let j = n - k. What is the units digit of j?
7
Let k(p) = p**2 + 7*p + 24. What is the tens digit of k(-14)?
2
Let q(l) = -l**3 - 3*l**2 - 24*l - 7. What is the tens digit of q(-9)?
9
Suppose -25 = -5*v + o, o - 12 - 13 = -5*v. Suppose 5 + 5 = v*r. Suppose 61 = r*l + 17. What is the tens digit of l?
2
Suppose 5*b + 663 + 520 = 4*f, 4*f + 2*b = 1162. What is the hundreds digit of f?
2
Suppo